v, -3*z + 2*v = -1912. Let q = z + -396. What is the greatest common divisor of 30 and q?
30
Suppose 125*r + 1248 = 138*r. Calculate the greatest common divisor of 224 and r.
32
Suppose -2*c + 759 = -5*i, -15*c - 5*i + 1503 = -11*c. Calculate the highest common factor of c and 26.
13
Suppose -r - 1 = -2*r + v, 5*r - 9 = 4*v. Calculate the highest common divisor of r and 775.
5
Let f be -4 + 7 + (0 - -2). Let a(o) be the first derivative of o**3/3 - 3*o**2/2 - 5*o + 2. Let n be a(f). Calculate the highest common divisor of n and 55.
5
Let r = 290 - 242. Calculate the greatest common divisor of r and 32.
16
Suppose -u - 20 = -y, y = 4*u - 9*u + 44. Calculate the greatest common factor of y and 204.
12
Let i be ((-36)/10)/((-44)/(-110)). Let d be (-6)/27 - 52/9. Let b be 82/3 + d/i. What is the greatest common factor of b and 7?
7
Let o(n) = -2*n - 2. Let x be o(-2). Suppose x*r - 5*r + 15 = -5*v, -3*r - 2*v + 36 = 0. Calculate the highest common factor of 4 and r.
2
Suppose 14*x - 16*x = 4*a - 1194, x - 5*a - 618 = 0. What is the highest common factor of x and 9?
9
Let m(d) = 3*d**3 + 2*d**2 - 3*d. Let y be m(2). Suppose -4*f = 3*t - 1055, 275 = f - 44*t + 47*t. Calculate the highest common factor of y and f.
26
Let p(n) = -16*n**3 - n**2 - 3*n - 4. Let t be p(-2). Let z = t - 36. Calculate the greatest common factor of z and 10.
10
Let u(k) = -k**2 + 3*k - 15. Let r be u(3). Let z be 1*(4 + 35/(-3))*r. What is the highest common divisor of 46 and z?
23
Let c be (19 - 15)/(2/6). Calculate the highest common divisor of c and 12.
12
Suppose -d - 152 = -2*f + 5*f, -d + 3*f - 158 = 0. Let a = -108 - d. Calculate the highest common factor of 141 and a.
47
Suppose 0 = 3*f + 13 + 23. Let k = 19 + f. Let i be 2/8 - 54/(-8). Calculate the greatest common factor of i and k.
7
Let p = 52 + -8. Suppose 3*a - u - 20 = 21, 0 = 3*a + 5*u - 65. Let v = a - 11. Calculate the highest common factor of v and p.
4
Suppose -3*j + 10*j = 56. Let h be ((-1815)/(-22))/(6/j). Calculate the greatest common divisor of 10 and h.
10
Let z = 100 - 98. Let p be -4 + 6 + 2 - z. Calculate the highest common factor of p and 14.
2
Let v(k) = k + 540. Let c be v(0). Suppose 13*q + c = 8*q. Let z = -45 - q. Calculate the greatest common factor of 9 and z.
9
Let d be 1 - 2/(-1) - -22. Suppose 2*h - 6 = 4*h, -4*h - 60 = -2*r. Suppose 101 = 5*t - r. Calculate the highest common divisor of t and d.
25
Suppose -b + 39 = u - 4*b, -3*b - 174 = -4*u. Let m(r) = 0*r - 4*r + 0*r - 6. Let c be m(-6). What is the greatest common divisor of u and c?
9
Let s(t) = -t**3 - 9*t**2 - 11*t - 15. Let g = -1 + -7. Let d be s(g). Let k be (d*(-2 + 0))/(-2). What is the highest common divisor of k and 18?
9
Let f be 1 - -1*15 - 0. Suppose 3*o - 3*l = 426, 3*o + l - 3*l - 427 = 0. Suppose 623 = 12*j + o. What is the highest common factor of f and j?
8
Suppose 2*g + 14*o - 190 = 9*o, 2*g - 4*o - 190 = 0. Calculate the highest common divisor of 57 and g.
19
Let j(t) = t**2 - 21*t - 70. Let s be j(25). What is the greatest common factor of 20 and s?
10
Let y(c) = 7*c - 40. Let w be y(-7). Let z = 98 + w. What is the highest common factor of z and 3?
3
Let w be 118 + -1 + -2 + 8. What is the highest common factor of 3 and w?
3
Suppose -5 - 12 = -r. Suppose -5*u = b - 151, u - 38 + 715 = 5*b. Calculate the greatest common factor of b and r.
17
Suppose 4*d = 4, c - 18*d - 62 = -16*d. What is the greatest common factor of 576 and c?
64
Let g be (-7 - -13)*2/3. What is the greatest common factor of g and 4?
4
Suppose 2*r + 4*j - 3*j = 6, 3*j + 4 = 5*r. Calculate the greatest common divisor of r and 58.
2
Suppose 55*i + 3*a = 59*i - 14, 0 = i + 5*a + 8. Suppose -q + 5*q + 28 = 0. Let v be (1/i)/(q/(-1344)). Calculate the highest common divisor of v and 12.
12
Let i = -521 + 632. What is the greatest common factor of i and 259?
37
Let m(l) = 2*l - 9. Let s(j) = 4*j - 19. Let x(h) = 5*m(h) - 2*s(h). Suppose b = -b + 24. Let g be x(b). What is the highest common factor of 136 and g?
17
Suppose -s + 17 = 4*l - l, -2*l = -4*s + 54. Suppose 2*n = 4*k + 310 - 8, k + 5 = 0. Let f = -29 + n. Calculate the greatest common factor of f and s.
14
Let q(n) = 29*n - 283. Let b be q(11). What is the highest common divisor of 342 and b?
18
Suppose 0 = 5*p - c - 823, 2*p - 5*c = 6*p - 670. Let d be 4/((-24)/p)*4/(-2). Let o be ((-2)/4)/(2/(-20)). Calculate the highest common factor of o and d.
5
Let c = 45 - 14. Suppose -9 = -v + c. Let n be 2/(-8) + 81/4. What is the greatest common factor of v and n?
20
Suppose -u - l - 9 = 12, -3*l + 15 = 0. Let p be (-7)/((-35)/u)*-5. What is the greatest common divisor of p and 65?
13
Let g(s) = s**3 - 9*s**2 + 2*s - 9. Let t be g(9). Suppose 0 = 5*h - 34 + t. Calculate the highest common factor of h and 40.
5
Suppose 0 = -25*t + 6066 - 2016. Calculate the highest common divisor of t and 1566.
54
Suppose 4*v + 2 - 14 = 0. Suppose 0 = -6*m + v*m + 18. Calculate the highest common factor of m and 36.
6
Suppose -236*k + 237*k = 64. Calculate the greatest common factor of k and 192.
64
Suppose 0 = 19*i - 131 - 192. Calculate the greatest common divisor of i and 34.
17
Let p(a) = -15*a. Let r be p(-1). Let u be (18/r)/(9/690). Calculate the greatest common divisor of 23 and u.
23
Let y be (-1)/(-2*3/24). Suppose y*w = -139 + 711. Suppose -8*n = -2*n - 78. What is the highest common factor of w and n?
13
Let v(t) be the third derivative of -55*t**4/24 - 4*t**2 - 3. Let w be v(-3). What is the greatest common factor of w and 33?
33
Let s be 3216/54 + 12/27. What is the greatest common factor of 192 and s?
12
Let q = -77 - -32. Let b = 53 + q. What is the greatest common factor of b and 16?
8
Let g be 280/(-8)*114/(-7) + -3. What is the greatest common factor of g and 324?
81
Let v = -54 - -76. Let s = 16 + -18. Let m be (-218)/(-5) - s/5. What is the greatest common factor of m and v?
22
Suppose 0 = -n + 29 + 116. Suppose a - 2*d - 25 = 4, 5*a + 4*d - n = 0. Let f = -20 + a. What is the greatest common factor of 1 and f?
1
Suppose 0*d - 20 = -2*d. Suppose 2*n = -6, -3*q + 2*n + 33 = n. What is the greatest common divisor of q and d?
10
Suppose -5*d = 5, 0*b + 8 = 5*b + 2*d. Let i be ((-1)/(-3))/(b/270). Calculate the highest common divisor of i and 30.
15
Let u(d) = 8*d + 32*d**3 - 2 - 33*d**3 - 2*d + 3*d**2 + 1. Let l be u(4). Calculate the greatest common factor of 7 and l.
7
Let u be 4/38 + 119259/399. What is the highest common divisor of 23 and u?
23
Let q(o) = 2*o + 108. Let j be q(21). Calculate the greatest common divisor of 60 and j.
30
Let h(n) = 13*n**2 - 5*n + 6. Let x = 70 - 69. Let m be h(x). Calculate the highest common factor of m and 154.
14
Suppose 0*t - 3 = -3*t, -3*t + 12 = -3*u. Let m = 1 - u. Suppose -n + 6*n = -3*y + 29, 3*n = 3. Calculate the greatest common divisor of y and m.
4
Let g be (6/(-15))/(2/(-20)). Suppose -g = d - 0*d. Let j be (252/8)/((-3)/d). Calculate the greatest common divisor of 28 and j.
14
Let v(n) = n**2 - 17*n + 67. Let b be v(9). Let l be (b + 3)/(0 + 8/(-60)). What is the highest common divisor of 15 and l?
15
Let n(j) = 13*j**2 - 153*j - 15. Let w be n(12). Calculate the greatest common factor of w and 28.
7
Let u(q) = -4*q - 3. Let y be u(-3). Suppose -y*w + 5*w = -8. Suppose -6*r = 3*n - 4*r - 229, 158 = w*n - 4*r. Calculate the highest common divisor of 11 and n.
11
Let x = -31 - -61. What is the greatest common factor of 510 and x?
30
Let y be (-276)/(-5) + 13/(-65). Suppose v + 4*v - 83 = p, -4*v - 3*p + y = 0. What is the highest common factor of v and 64?
16
Let o(b) = -4*b - 8. Let v(k) = k**3 + 13*k**2 - 4. Let j be v(-13). Let r be (2 + -30)/j*-1. Let q be o(r). What is the greatest common divisor of q and 30?
10
Suppose 5*c = -h + 435, -4*h + 0*h = -4*c + 372. Suppose 3*q - q - c = 0. Suppose -5*u + 66 = -44. Calculate the highest common divisor of q and u.
22
Let j be 1/((-3)/(-9)) - (-130)/2. Calculate the highest common factor of j and 2.
2
Let s(x) = -x + 1 - 5 - 4*x**2 + 11*x**2 - 3*x**3 + 2*x**3. Let a be s(-4). Calculate the greatest common divisor of a and 22.
22
Let v(u) = -2*u**2 - 8*u + 8. Let g be v(-5). Let s = 65 + g. What is the highest common factor of s and 7?
7
Let i be 0 + -1*29 + -1 + 0. Let k be (i/(-20))/((-1)/(-18